{"id":72,"date":"2014-06-01T08:13:48","date_gmt":"2014-06-01T08:13:48","guid":{"rendered":"http:\/\/inisironmeain.com\/gaeilge\/?page_id=72"},"modified":"2025-10-21T15:08:52","modified_gmt":"2025-10-21T14:08:52","slug":"gailearai","status":"publish","type":"page","link":"http:\/\/inisironmeain.com\/gaeilge\/gailearai\/","title":{"rendered":"Gaileara\u00ed"},"content":{"rendered":"<h2>INIS \u2018IRON\u2019 ME\u00c1IN:<\/h2>\n\t\t\t<div class=\"gallery_box\">\n\t\t\t\t<ul>\n\t\t\t\t\t\t\t\t\t\t\t<li>\n\t\t\t\t\t\t\t<a rel=\"bookmark\" href=\"http:\/\/inisironmeain.com\/gaeilge\/gallery\/inis-iron-meain-2025\/\" title=\"INIS 'IRON' ME\u00c1IN 2025\">\n\t\t\t\t\t\t\t\t<img style=\"width:230px;\" alt=\"INIS 'IRON' ME\u00c1IN 2025\" title=\"INIS 'IRON' ME\u00c1IN 2025\" src=\"http:\/\/inisironmeain.com\/gaeilge\/wp-content\/uploads\/sites\/5\/2025\/10\/IMG_0211-230x180.jpeg\" \/>\n\t\t\t\t\t\t\t<\/a>\n\t\t\t\t\t\t\t<div class=\"gallery_detail_box\">\n\t\t\t\t\t\t\t\t<div>INIS 'IRON' ME\u00c1IN 2025<\/div>\n\t\t\t\t\t\t\t\t<div><\/div>\n\t\t\t\t\t\t\t\t<a href=\"http:\/\/inisironmeain.com\/gaeilge\/gallery\/inis-iron-meain-2025\/\">See images \u00bb<\/a>\n\t\t\t\t\t\t\t<\/div><!-- .gallery_detail_box -->\n\t\t\t\t\t\t\t<div class=\"gllr_clear\"><\/div>\n\t\t\t\t\t\t<\/li>\n\t\t\t\t\t\t\t\t\t<\/ul>\n\t\t\t<\/div><!-- .gallery_box -->\n\t\t\n\t\t\t<div class=\"gallery_box\">\n\t\t\t\t<ul>\n\t\t\t\t\t\t\t\t\t<\/ul>\n\t\t\t<\/div><!-- .gallery_box -->\n\t\t\n\t\t\t<div class=\"gallery_box\">\n\t\t\t\t<ul>\n\t\t\t\t\t\t\t\t\t\t\t<li>\n\t\t\t\t\t\t\t<a rel=\"bookmark\" href=\"http:\/\/inisironmeain.com\/gaeilge\/gallery\/inis-iron-meain-2018-2\/\" title=\"INIS \u2018IRON\u2019 ME\u00c1IN 2018 (2)\">\n\t\t\t\t\t\t\t\t<img style=\"width:230px;\" alt=\"INIS \u2018IRON\u2019 ME\u00c1IN 2018 (2)\" title=\"INIS \u2018IRON\u2019 ME\u00c1IN 2018 (2)\" src=\"http:\/\/inisironmeain.com\/gaeilge\/wp-content\/uploads\/sites\/5\/2018\/03\/Iron-Inis-Meain18-0574-230x180.jpg\" \/>\n\t\t\t\t\t\t\t<\/a>\n\t\t\t\t\t\t\t<div class=\"gallery_detail_box\">\n\t\t\t\t\t\t\t\t<div>INIS \u2018IRON\u2019 ME\u00c1IN 2018 (2)<\/div>\n\t\t\t\t\t\t\t\t<div><\/div>\n\t\t\t\t\t\t\t\t<a href=\"http:\/\/inisironmeain.com\/gaeilge\/gallery\/inis-iron-meain-2018-2\/\">See images \u00bb<\/a>\n\t\t\t\t\t\t\t<\/div><!-- .gallery_detail_box -->\n\t\t\t\t\t\t\t<div class=\"gllr_clear\"><\/div>\n\t\t\t\t\t\t<\/li>\n\t\t\t\t\t\t\t\t\t<\/ul>\n\t\t\t<\/div><!-- .gallery_box -->\n\t\t\n\t\t\t<div class=\"gallery_box\">\n\t\t\t\t<ul>\n\t\t\t\t\t\t\t\t\t\t\t<li>\n\t\t\t\t\t\t\t<a rel=\"bookmark\" href=\"http:\/\/inisironmeain.com\/gaeilge\/gallery\/inis-iron-meain-2018-1\/\" title=\"INIS \u2018IRON\u2019 ME\u00c1IN 2018 (1)\">\n\t\t\t\t\t\t\t\t<img style=\"width:230px;\" alt=\"INIS \u2018IRON\u2019 ME\u00c1IN 2018 (1)\" title=\"INIS \u2018IRON\u2019 ME\u00c1IN 2018 (1)\" src=\"http:\/\/inisironmeain.com\/gaeilge\/wp-content\/uploads\/sites\/5\/2018\/03\/Iron-Inis-Meain18-0220-230x180.jpg\" \/>\n\t\t\t\t\t\t\t<\/a>\n\t\t\t\t\t\t\t<div class=\"gallery_detail_box\">\n\t\t\t\t\t\t\t\t<div>INIS \u2018IRON\u2019 ME\u00c1IN 2018 (1)<\/div>\n\t\t\t\t\t\t\t\t<div><\/div>\n\t\t\t\t\t\t\t\t<a href=\"http:\/\/inisironmeain.com\/gaeilge\/gallery\/inis-iron-meain-2018-1\/\">See images \u00bb<\/a>\n\t\t\t\t\t\t\t<\/div><!-- .gallery_detail_box -->\n\t\t\t\t\t\t\t<div class=\"gllr_clear\"><\/div>\n\t\t\t\t\t\t<\/li>\n\t\t\t\t\t\t\t\t\t<\/ul>\n\t\t\t<\/div><!-- .gallery_box -->\n\t\t\n\t\t\t<div class=\"gallery_box\">\n\t\t\t\t<ul>\n\t\t\t\t\t\t\t\t\t\t\t<li>\n\t\t\t\t\t\t\t<a rel=\"bookmark\" href=\"http:\/\/inisironmeain.com\/gaeilge\/gallery\/inis-iron-meain-2017-2\/\" title=\"INIS \u2018IRON\u2019 ME\u00c1IN 2017 (2)\">\n\t\t\t\t\t\t\t\t<img style=\"width:230px;\" alt=\"INIS \u2018IRON\u2019 ME\u00c1IN 2017 (2)\" title=\"INIS \u2018IRON\u2019 ME\u00c1IN 2017 (2)\" src=\"http:\/\/inisironmeain.com\/gaeilge\/wp-content\/uploads\/sites\/5\/2017\/04\/InisMeain-0478-Custom-230x180.jpg\" \/>\n\t\t\t\t\t\t\t<\/a>\n\t\t\t\t\t\t\t<div class=\"gallery_detail_box\">\n\t\t\t\t\t\t\t\t<div>INIS \u2018IRON\u2019 ME\u00c1IN 2017 (2)<\/div>\n\t\t\t\t\t\t\t\t<div><\/div>\n\t\t\t\t\t\t\t\t<a href=\"http:\/\/inisironmeain.com\/gaeilge\/gallery\/inis-iron-meain-2017-2\/\">See images \u00bb<\/a>\n\t\t\t\t\t\t\t<\/div><!-- .gallery_detail_box -->\n\t\t\t\t\t\t\t<div class=\"gllr_clear\"><\/div>\n\t\t\t\t\t\t<\/li>\n\t\t\t\t\t\t\t\t\t<\/ul>\n\t\t\t<\/div><!-- .gallery_box -->\n\t\t\n\t\t\t<div class=\"gallery_box\">\n\t\t\t\t<ul>\n\t\t\t\t\t\t\t\t\t\t\t<li>\n\t\t\t\t\t\t\t<a rel=\"bookmark\" href=\"http:\/\/inisironmeain.com\/gaeilge\/gallery\/inis-iron-meain-2017-1\/\" title=\"INIS \u2018IRON\u2019 ME\u00c1IN 2017 (1)\">\n\t\t\t\t\t\t\t\t<img style=\"width:230px;\" alt=\"INIS \u2018IRON\u2019 ME\u00c1IN 2017 (1)\" title=\"INIS \u2018IRON\u2019 ME\u00c1IN 2017 (1)\" src=\"http:\/\/inisironmeain.com\/gaeilge\/wp-content\/uploads\/sites\/5\/2017\/03\/IMG_3720-Small-230x180.jpg\" \/>\n\t\t\t\t\t\t\t<\/a>\n\t\t\t\t\t\t\t<div class=\"gallery_detail_box\">\n\t\t\t\t\t\t\t\t<div>INIS \u2018IRON\u2019 ME\u00c1IN 2017 (1)<\/div>\n\t\t\t\t\t\t\t\t<div><\/div>\n\t\t\t\t\t\t\t\t<a href=\"http:\/\/inisironmeain.com\/gaeilge\/gallery\/inis-iron-meain-2017-1\/\">See images \u00bb<\/a>\n\t\t\t\t\t\t\t<\/div><!-- .gallery_detail_box -->\n\t\t\t\t\t\t\t<div class=\"gllr_clear\"><\/div>\n\t\t\t\t\t\t<\/li>\n\t\t\t\t\t\t\t\t\t<\/ul>\n\t\t\t<\/div><!-- .gallery_box -->\n\t\t\n\t\t\t<div class=\"gallery_box\">\n\t\t\t\t<ul>\n\t\t\t\t\t\t\t\t\t\t\t<li>\n\t\t\t\t\t\t\t<a rel=\"bookmark\" href=\"http:\/\/inisironmeain.com\/gaeilge\/gallery\/inis-iron-meain-2016-3\/\" title=\"INIS \u2018IRON\u2019 ME\u00c1IN 2016\">\n\t\t\t\t\t\t\t\t<img style=\"width:230px;\" alt=\"INIS \u2018IRON\u2019 ME\u00c1IN 2016\" title=\"INIS \u2018IRON\u2019 ME\u00c1IN 2016\" src=\"http:\/\/inisironmeain.com\/gaeilge\/wp-content\/uploads\/sites\/5\/2016\/03\/IMG_4485-230x180.jpg\" \/>\n\t\t\t\t\t\t\t<\/a>\n\t\t\t\t\t\t\t<div class=\"gallery_detail_box\">\n\t\t\t\t\t\t\t\t<div>INIS \u2018IRON\u2019 ME\u00c1IN 2016<\/div>\n\t\t\t\t\t\t\t\t<div><\/div>\n\t\t\t\t\t\t\t\t<a href=\"http:\/\/inisironmeain.com\/gaeilge\/gallery\/inis-iron-meain-2016-3\/\">See images \u00bb<\/a>\n\t\t\t\t\t\t\t<\/div><!-- .gallery_detail_box -->\n\t\t\t\t\t\t\t<div class=\"gllr_clear\"><\/div>\n\t\t\t\t\t\t<\/li>\n\t\t\t\t\t\t\t\t\t<\/ul>\n\t\t\t<\/div><!-- .gallery_box -->\n\t\t\n\t\t\t<div class=\"gallery_box\">\n\t\t\t\t<ul>\n\t\t\t\t\t\t\t\t\t\t\t<li>\n\t\t\t\t\t\t\t<a rel=\"bookmark\" href=\"http:\/\/inisironmeain.com\/gaeilge\/gallery\/inis-iron-meain-2015-2\/\" title=\"INIS \u2018IRON\u2019 ME\u00c1IN 2015 (2)\">\n\t\t\t\t\t\t\t\t<img style=\"width:230px;\" alt=\"INIS \u2018IRON\u2019 ME\u00c1IN 2015 (2)\" title=\"INIS \u2018IRON\u2019 ME\u00c1IN 2015 (2)\" src=\"http:\/\/inisironmeain.com\/gaeilge\/wp-content\/uploads\/sites\/5\/2015\/05\/IMG_2256-230x180.jpg\" \/>\n\t\t\t\t\t\t\t<\/a>\n\t\t\t\t\t\t\t<div class=\"gallery_detail_box\">\n\t\t\t\t\t\t\t\t<div>INIS \u2018IRON\u2019 ME\u00c1IN 2015 (2)<\/div>\n\t\t\t\t\t\t\t\t<div><\/div>\n\t\t\t\t\t\t\t\t<a href=\"http:\/\/inisironmeain.com\/gaeilge\/gallery\/inis-iron-meain-2015-2\/\">See images \u00bb<\/a>\n\t\t\t\t\t\t\t<\/div><!-- .gallery_detail_box -->\n\t\t\t\t\t\t\t<div class=\"gllr_clear\"><\/div>\n\t\t\t\t\t\t<\/li>\n\t\t\t\t\t\t\t\t\t<\/ul>\n\t\t\t<\/div><!-- .gallery_box -->\n\t\t\n\t\t\t<div class=\"gallery_box\">\n\t\t\t\t<ul>\n\t\t\t\t\t\t\t\t\t\t\t<li>\n\t\t\t\t\t\t\t<a rel=\"bookmark\" href=\"http:\/\/inisironmeain.com\/gaeilge\/gallery\/inis-iron-meain-2015\/\" title=\"INIS \u2018IRON\u2019 ME\u00c1IN 2015\">\n\t\t\t\t\t\t\t\t<img style=\"width:230px;\" alt=\"INIS \u2018IRON\u2019 ME\u00c1IN 2015\" title=\"INIS \u2018IRON\u2019 ME\u00c1IN 2015\" src=\"http:\/\/inisironmeain.com\/gaeilge\/wp-content\/uploads\/sites\/5\/2015\/04\/IMG_7867-230x180.jpg\" \/>\n\t\t\t\t\t\t\t<\/a>\n\t\t\t\t\t\t\t<div class=\"gallery_detail_box\">\n\t\t\t\t\t\t\t\t<div>INIS \u2018IRON\u2019 ME\u00c1IN 2015<\/div>\n\t\t\t\t\t\t\t\t<div><\/div>\n\t\t\t\t\t\t\t\t<a href=\"http:\/\/inisironmeain.com\/gaeilge\/gallery\/inis-iron-meain-2015\/\">See images \u00bb<\/a>\n\t\t\t\t\t\t\t<\/div><!-- .gallery_detail_box -->\n\t\t\t\t\t\t\t<div class=\"gllr_clear\"><\/div>\n\t\t\t\t\t\t<\/li>\n\t\t\t\t\t\t\t\t\t<\/ul>\n\t\t\t<\/div><!-- .gallery_box -->\n\t\t\n<p><span style=\"color: #444444\">\t\t\t<div class=\"gallery_box\">\n\t\t\t\t<ul>\n\t\t\t\t\t\t\t\t\t\t\t<li>\n\t\t\t\t\t\t\t<a rel=\"bookmark\" href=\"http:\/\/inisironmeain.com\/gaeilge\/gallery\/inis-iron-meain-2014\/\" title=\"INIS \u2018IRON\u2019 ME\u00c1IN 2014\">\n\t\t\t\t\t\t\t\t<img style=\"width:230px;\" alt=\"INIS \u2018IRON\u2019 ME\u00c1IN 2014\" title=\"INIS \u2018IRON\u2019 ME\u00c1IN 2014\" src=\"http:\/\/inisironmeain.com\/gaeilge\/wp-content\/uploads\/sites\/5\/2014\/06\/2014-photo-188-230x180.jpg\" \/>\n\t\t\t\t\t\t\t<\/a>\n\t\t\t\t\t\t\t<div class=\"gallery_detail_box\">\n\t\t\t\t\t\t\t\t<div>INIS \u2018IRON\u2019 ME\u00c1IN 2014<\/div>\n\t\t\t\t\t\t\t\t<div><\/div>\n\t\t\t\t\t\t\t\t<a href=\"http:\/\/inisironmeain.com\/gaeilge\/gallery\/inis-iron-meain-2014\/\">See images \u00bb<\/a>\n\t\t\t\t\t\t\t<\/div><!-- .gallery_detail_box -->\n\t\t\t\t\t\t\t<div class=\"gllr_clear\"><\/div>\n\t\t\t\t\t\t<\/li>\n\t\t\t\t\t\t\t\t\t<\/ul>\n\t\t\t<\/div><!-- .gallery_box -->\n\t\t<\/span><\/p>\n<p><span style=\"color: #444444\">\t\t\t<div class=\"gallery_box\">\n\t\t\t\t<ul>\n\t\t\t\t\t\t\t\t\t\t\t<li>\n\t\t\t\t\t\t\t<a rel=\"bookmark\" href=\"http:\/\/inisironmeain.com\/gaeilge\/gallery\/inis-iron-meain-2013\/\" title=\"INIS \u2018IRON\u2019 ME\u00c1IN 2013\">\n\t\t\t\t\t\t\t\t<img style=\"width:230px;\" alt=\"INIS \u2018IRON\u2019 ME\u00c1IN 2013\" title=\"INIS \u2018IRON\u2019 ME\u00c1IN 2013\" src=\"http:\/\/inisironmeain.com\/gaeilge\/wp-content\/uploads\/sites\/5\/2014\/06\/photo-277-230x180.jpg\" \/>\n\t\t\t\t\t\t\t<\/a>\n\t\t\t\t\t\t\t<div class=\"gallery_detail_box\">\n\t\t\t\t\t\t\t\t<div>INIS \u2018IRON\u2019 ME\u00c1IN 2013<\/div>\n\t\t\t\t\t\t\t\t<div><\/div>\n\t\t\t\t\t\t\t\t<a href=\"http:\/\/inisironmeain.com\/gaeilge\/gallery\/inis-iron-meain-2013\/\">See images \u00bb<\/a>\n\t\t\t\t\t\t\t<\/div><!-- .gallery_detail_box -->\n\t\t\t\t\t\t\t<div class=\"gllr_clear\"><\/div>\n\t\t\t\t\t\t<\/li>\n\t\t\t\t\t\t\t\t\t<\/ul>\n\t\t\t<\/div><!-- .gallery_box -->\n\t\t<\/span><\/p>\n<p><span style=\"color: #444444\">\t\t\t<div class=\"gallery_box\">\n\t\t\t\t<ul>\n\t\t\t\t\t\t\t\t\t\t\t<li>\n\t\t\t\t\t\t\t<a rel=\"bookmark\" href=\"http:\/\/inisironmeain.com\/gaeilge\/gallery\/inis-iron-meain-2012\/\" title=\"INIS \u2018IRON\u2019 ME\u00c1IN 2012\">\n\t\t\t\t\t\t\t\t<img style=\"width:230px;\" alt=\"INIS \u2018IRON\u2019 ME\u00c1IN 2012\" title=\"INIS \u2018IRON\u2019 ME\u00c1IN 2012\" src=\"http:\/\/inisironmeain.com\/gaeilge\/wp-content\/uploads\/sites\/5\/2014\/06\/0239-230x180.jpg\" \/>\n\t\t\t\t\t\t\t<\/a>\n\t\t\t\t\t\t\t<div class=\"gallery_detail_box\">\n\t\t\t\t\t\t\t\t<div>INIS \u2018IRON\u2019 ME\u00c1IN 2012<\/div>\n\t\t\t\t\t\t\t\t<div><\/div>\n\t\t\t\t\t\t\t\t<a href=\"http:\/\/inisironmeain.com\/gaeilge\/gallery\/inis-iron-meain-2012\/\">See images \u00bb<\/a>\n\t\t\t\t\t\t\t<\/div><!-- .gallery_detail_box -->\n\t\t\t\t\t\t\t<div class=\"gllr_clear\"><\/div>\n\t\t\t\t\t\t<\/li>\n\t\t\t\t\t\t\t\t\t<\/ul>\n\t\t\t<\/div><!-- .gallery_box -->\n\t\t<\/span><\/p>\n<p><span style=\"color: #444444\">\t\t\t<div class=\"gallery_box\">\n\t\t\t\t<ul>\n\t\t\t\t\t\t\t\t\t\t\t<li>\n\t\t\t\t\t\t\t<a rel=\"bookmark\" href=\"http:\/\/inisironmeain.com\/gaeilge\/gallery\/inis-iron-meain-2010\/\" title=\"INIS \u2018IRON\u2019 ME\u00c1IN 2010\">\n\t\t\t\t\t\t\t\t<img style=\"width:230px;\" alt=\"INIS \u2018IRON\u2019 ME\u00c1IN 2010\" title=\"INIS \u2018IRON\u2019 ME\u00c1IN 2010\" src=\"http:\/\/inisironmeain.com\/gaeilge\/wp-content\/uploads\/sites\/5\/2014\/06\/2010-pic59-230x180.jpg\" \/>\n\t\t\t\t\t\t\t<\/a>\n\t\t\t\t\t\t\t<div class=\"gallery_detail_box\">\n\t\t\t\t\t\t\t\t<div>INIS \u2018IRON\u2019 ME\u00c1IN 2010<\/div>\n\t\t\t\t\t\t\t\t<div><\/div>\n\t\t\t\t\t\t\t\t<a href=\"http:\/\/inisironmeain.com\/gaeilge\/gallery\/inis-iron-meain-2010\/\">See images \u00bb<\/a>\n\t\t\t\t\t\t\t<\/div><!-- .gallery_detail_box -->\n\t\t\t\t\t\t\t<div class=\"gllr_clear\"><\/div>\n\t\t\t\t\t\t<\/li>\n\t\t\t\t\t\t\t\t\t<\/ul>\n\t\t\t<\/div><!-- .gallery_box -->\n\t\t<\/span><\/p>\n<p><span style=\"color: #444444\">\t\t\t<div class=\"gallery_box\">\n\t\t\t\t<ul>\n\t\t\t\t\t\t\t\t\t\t\t<li>\n\t\t\t\t\t\t\t<a rel=\"bookmark\" href=\"http:\/\/inisironmeain.com\/gaeilge\/gallery\/inis-iron-meain-2009\/\" title=\"INIS \u2018IRON\u2019 ME\u00c1IN 2009\">\n\t\t\t\t\t\t\t\t<img style=\"width:230px;\" alt=\"INIS \u2018IRON\u2019 ME\u00c1IN 2009\" title=\"INIS \u2018IRON\u2019 ME\u00c1IN 2009\" src=\"http:\/\/inisironmeain.com\/gaeilge\/wp-content\/uploads\/sites\/5\/2014\/06\/2009-pic12-230x180.jpg\" \/>\n\t\t\t\t\t\t\t<\/a>\n\t\t\t\t\t\t\t<div class=\"gallery_detail_box\">\n\t\t\t\t\t\t\t\t<div>INIS \u2018IRON\u2019 ME\u00c1IN 2009<\/div>\n\t\t\t\t\t\t\t\t<div><\/div>\n\t\t\t\t\t\t\t\t<a href=\"http:\/\/inisironmeain.com\/gaeilge\/gallery\/inis-iron-meain-2009\/\">See images \u00bb<\/a>\n\t\t\t\t\t\t\t<\/div><!-- .gallery_detail_box -->\n\t\t\t\t\t\t\t<div class=\"gllr_clear\"><\/div>\n\t\t\t\t\t\t<\/li>\n\t\t\t\t\t\t\t\t\t<\/ul>\n\t\t\t<\/div><!-- .gallery_box -->\n\t\t<\/span><\/p>\n<p><span style=\"color: #444444\">\t\t\t<div class=\"gallery_box\">\n\t\t\t\t<ul>\n\t\t\t\t\t\t\t\t\t\t\t<li>\n\t\t\t\t\t\t\t<a rel=\"bookmark\" href=\"http:\/\/inisironmeain.com\/gaeilge\/gallery\/inis-iron-meain-2006-and-2005\/\" title=\"INIS \u2018IRON\u2019 ME\u00c1IN 2006 and 2005\">\n\t\t\t\t\t\t\t\t<img style=\"width:230px;\" alt=\"INIS \u2018IRON\u2019 ME\u00c1IN 2006 and 2005\" title=\"INIS \u2018IRON\u2019 ME\u00c1IN 2006 and 2005\" src=\"http:\/\/inisironmeain.com\/gaeilge\/wp-content\/uploads\/sites\/5\/2014\/06\/2006-pic17-230x180.jpg\" \/>\n\t\t\t\t\t\t\t<\/a>\n\t\t\t\t\t\t\t<div class=\"gallery_detail_box\">\n\t\t\t\t\t\t\t\t<div>INIS \u2018IRON\u2019 ME\u00c1IN 2006 and 2005<\/div>\n\t\t\t\t\t\t\t\t<div><\/div>\n\t\t\t\t\t\t\t\t<a href=\"http:\/\/inisironmeain.com\/gaeilge\/gallery\/inis-iron-meain-2006-and-2005\/\">See images \u00bb<\/a>\n\t\t\t\t\t\t\t<\/div><!-- .gallery_detail_box -->\n\t\t\t\t\t\t\t<div class=\"gllr_clear\"><\/div>\n\t\t\t\t\t\t<\/li>\n\t\t\t\t\t\t\t\t\t<\/ul>\n\t\t\t<\/div><!-- .gallery_box -->\n\t\t<\/span><\/p>\n<h2>C\u00d3ISIR GL\u00c9AS GAL\u00c1NTA<\/h2>\n<p><span style=\"color: #444444\">\t\t\t<div class=\"gallery_box\">\n\t\t\t\t<ul>\n\t\t\t\t\t\t\t\t\t\t\t<li>\n\t\t\t\t\t\t\t<a rel=\"bookmark\" href=\"http:\/\/inisironmeain.com\/gaeilge\/gallery\/coisir-gleas-galanta-2012\/\" title=\"C\u00d3ISIR GL\u00c9AS GAL\u00c1NTA 2012\">\n\t\t\t\t\t\t\t\t<img style=\"width:230px;\" alt=\"C\u00d3ISIR GL\u00c9AS GAL\u00c1NTA 2012\" title=\"C\u00d3ISIR GL\u00c9AS GAL\u00c1NTA 2012\" src=\"http:\/\/inisironmeain.com\/gaeilge\/wp-content\/uploads\/sites\/5\/2014\/06\/fancy-dress-13-230x180.jpg\" \/>\n\t\t\t\t\t\t\t<\/a>\n\t\t\t\t\t\t\t<div class=\"gallery_detail_box\">\n\t\t\t\t\t\t\t\t<div>C\u00d3ISIR GL\u00c9AS GAL\u00c1NTA 2012<\/div>\n\t\t\t\t\t\t\t\t<div><\/div>\n\t\t\t\t\t\t\t\t<a href=\"http:\/\/inisironmeain.com\/gaeilge\/gallery\/coisir-gleas-galanta-2012\/\">See images \u00bb<\/a>\n\t\t\t\t\t\t\t<\/div><!-- .gallery_detail_box -->\n\t\t\t\t\t\t\t<div class=\"gllr_clear\"><\/div>\n\t\t\t\t\t\t<\/li>\n\t\t\t\t\t\t\t\t\t<\/ul>\n\t\t\t<\/div><!-- .gallery_box -->\n\t\t<\/span><\/p>\n<p><span style=\"color: #444444\">\t\t\t<div class=\"gallery_box\">\n\t\t\t\t<ul>\n\t\t\t\t\t\t\t\t\t\t\t<li>\n\t\t\t\t\t\t\t<a rel=\"bookmark\" href=\"http:\/\/inisironmeain.com\/gaeilge\/gallery\/coisir-gleas-galanta-2009-2\/\" title=\"C\u00d3ISIR GL\u00c9AS GAL\u00c1NTA 2010\">\n\t\t\t\t\t\t\t\t<img style=\"width:230px;\" alt=\"C\u00d3ISIR GL\u00c9AS GAL\u00c1NTA 2010\" title=\"C\u00d3ISIR GL\u00c9AS GAL\u00c1NTA 2010\" src=\"http:\/\/inisironmeain.com\/gaeilge\/wp-content\/uploads\/sites\/5\/2014\/06\/2010-pic32538ae9c61b4f9-230x180.jpg\" \/>\n\t\t\t\t\t\t\t<\/a>\n\t\t\t\t\t\t\t<div class=\"gallery_detail_box\">\n\t\t\t\t\t\t\t\t<div>C\u00d3ISIR GL\u00c9AS GAL\u00c1NTA 2010<\/div>\n\t\t\t\t\t\t\t\t<div><\/div>\n\t\t\t\t\t\t\t\t<a href=\"http:\/\/inisironmeain.com\/gaeilge\/gallery\/coisir-gleas-galanta-2009-2\/\">See images \u00bb<\/a>\n\t\t\t\t\t\t\t<\/div><!-- .gallery_detail_box -->\n\t\t\t\t\t\t\t<div class=\"gllr_clear\"><\/div>\n\t\t\t\t\t\t<\/li>\n\t\t\t\t\t\t\t\t\t<\/ul>\n\t\t\t<\/div><!-- .gallery_box -->\n\t\t<\/span><\/p>\n<p><span style=\"color: #444444\">\t\t\t<div class=\"gallery_box\">\n\t\t\t\t<ul>\n\t\t\t\t\t\t\t\t\t\t\t<li>\n\t\t\t\t\t\t\t<a rel=\"bookmark\" href=\"http:\/\/inisironmeain.com\/gaeilge\/gallery\/coisir-gleas-galanta-2009\/\" title=\"C\u00d3ISIR GL\u00c9AS GAL\u00c1NTA 2009\">\n\t\t\t\t\t\t\t\t<img style=\"width:230px;\" alt=\"C\u00d3ISIR GL\u00c9AS GAL\u00c1NTA 2009\" title=\"C\u00d3ISIR GL\u00c9AS GAL\u00c1NTA 2009\" src=\"http:\/\/inisironmeain.com\/gaeilge\/wp-content\/uploads\/sites\/5\/2014\/06\/winner-2010-150x180.jpg\" \/>\n\t\t\t\t\t\t\t<\/a>\n\t\t\t\t\t\t\t<div class=\"gallery_detail_box\">\n\t\t\t\t\t\t\t\t<div>C\u00d3ISIR GL\u00c9AS GAL\u00c1NTA 2009<\/div>\n\t\t\t\t\t\t\t\t<div><\/div>\n\t\t\t\t\t\t\t\t<a href=\"http:\/\/inisironmeain.com\/gaeilge\/gallery\/coisir-gleas-galanta-2009\/\">See images \u00bb<\/a>\n\t\t\t\t\t\t\t<\/div><!-- .gallery_detail_box -->\n\t\t\t\t\t\t\t<div class=\"gllr_clear\"><\/div>\n\t\t\t\t\t\t<\/li>\n\t\t\t\t\t\t\t\t\t<\/ul>\n\t\t\t<\/div><!-- .gallery_box -->\n\t\t<\/span><\/p>\n","protected":false},"excerpt":{"rendered":"<p>INIS \u2018IRON\u2019 ME\u00c1IN: C\u00d3ISIR GL\u00c9AS GAL\u00c1NTA<\/p>\n","protected":false},"author":1,"featured_media":2580,"parent":0,"menu_order":0,"comment_status":"closed","ping_status":"open","template":"","meta":[],"_links":{"self":[{"href":"http:\/\/inisironmeain.com\/gaeilge\/wp-json\/wp\/v2\/pages\/72"}],"collection":[{"href":"http:\/\/inisironmeain.com\/gaeilge\/wp-json\/wp\/v2\/pages"}],"about":[{"href":"http:\/\/inisironmeain.com\/gaeilge\/wp-json\/wp\/v2\/types\/page"}],"author":[{"embeddable":true,"href":"http:\/\/inisironmeain.com\/gaeilge\/wp-json\/wp\/v2\/users\/1"}],"replies":[{"embeddable":true,"href":"http:\/\/inisironmeain.com\/gaeilge\/wp-json\/wp\/v2\/comments?post=72"}],"version-history":[{"count":11,"href":"http:\/\/inisironmeain.com\/gaeilge\/wp-json\/wp\/v2\/pages\/72\/revisions"}],"predecessor-version":[{"id":3089,"href":"http:\/\/inisironmeain.com\/gaeilge\/wp-json\/wp\/v2\/pages\/72\/revisions\/3089"}],"wp:featuredmedia":[{"embeddable":true,"href":"http:\/\/inisironmeain.com\/gaeilge\/wp-json\/wp\/v2\/media\/2580"}],"wp:attachment":[{"href":"http:\/\/inisironmeain.com\/gaeilge\/wp-json\/wp\/v2\/media?parent=72"}],"curies":[{"name":"wp","href":"https:\/\/api.w.org\/{rel}","templated":true}]}}