{"id":7,"date":"2014-05-31T22:18:57","date_gmt":"2014-05-31T22:18:57","guid":{"rendered":"http:\/\/inisironmeain.com\/gaeilge\/?page_id=7"},"modified":"2025-10-24T16:09:33","modified_gmt":"2025-10-24T15:09:33","slug":"eolas-ras","status":"publish","type":"page","link":"http:\/\/inisironmeain.com\/gaeilge\/eolas-ras\/","title":{"rendered":"Eolas ar an R\u00e1s"},"content":{"rendered":"<p>2015 INIS IRON ME\u00c1IN 1OK<\/p>\n<table border=\"0\" cellpadding=\"3\">\n<tbody>\n<tr>\n<td>\n<h4><span style=\"font-size: 14px\">D\u00c1TA:<\/span><\/h4>\n<\/td>\n<td>\n<h4><span style=\"font-size: 14px\">SATHARN 02\/05\/2026<\/span><\/h4>\n<\/td>\n<\/tr>\n<tr>\n<td>\n<h4><span style=\"font-size: 14px\">T\u00daS:<\/span><\/h4>\n<\/td>\n<td>\n<h4><span style=\"font-size: 14px\">12:45 I.N. Ar an bpointe!<\/span><\/h4>\n<\/td>\n<\/tr>\n<tr>\n<td>\n<h4><span style=\"font-size: 14px\">\u00c1IT:<\/span><\/h4>\n<\/td>\n<td>\n<h4><span style=\"font-size: 14px\">HALLA NAOMH EOIN, INIS ME\u00c1IN, Oile\u00e1in \u00c1rann<\/span><\/h4>\n<\/td>\n<\/tr>\n<tr>\n<td>\n<h4><span style=\"font-size: 14px\">D\u00c1TA\u00a0DEIRIDH CL\u00c1RAITHE:<\/span><\/h4>\n<\/td>\n<td>\n<h4><span style=\"font-size: 14px\">D\u00e9ardaoin 01\/05\/2026 @ M\u00c9ANO\u00cdCHE<\/span><\/h4>\n<\/td>\n<\/tr>\n<tr>\n<td>\n<h4><span style=\"font-size: 14px\">CL\u00c1R\u00da:<\/span><\/h4>\n<\/td>\n<td>\n<h4><span style=\"font-size: 14px\">HALLA NAOMH EOIN 10.30 \u2013 12.00 I.N.<\/span><\/h4>\n<\/td>\n<\/tr>\n<tr>\n<td>\n<h4><span style=\"font-size: 14px\">EOLAS ar an R\u00c1S:<\/span><\/h4>\n<p><strong>Beidh brat na drt\u00ed dhath a bhronnadh chomh maith le c\u00f3ip de fhor\u00f3gra na C\u00e1sca roimh th\u00fas an r\u00e1sa.<\/strong><\/td>\n<td>\n<h4><span style=\"font-size: 14px\">12.45 I.N<\/span><\/h4>\n<\/td>\n<\/tr>\n<tr>\n<td>\n<h4><span style=\"font-size: 14px\">T\u00c1ILLE<strong> CHL\u00c1R\u00daCH\u00c1IN:\u00a0\u00a0\u00a0\u00a0\u00a0\u00a0\u00a0\u00a0\u00a0\u00a0\u00a0\u00a0\u00a0\u00a0\u00a0\u00a0\u00a0 <\/strong><\/span><\/h4>\n<\/td>\n<td>\n<h4>T\u00e1 3 chine\u00e1l r\u00e1sa i gceist:<\/h4>\n<ul>\n<li>5km ar an mb\u00f3thar<\/li>\n<li>C\u00farsa Crua 10 km ar an mb\u00f3thar<\/li>\n<li>C\u00farsa F\u00edor Chrua 12km ar an mb\u00f3thar agus an tr\u00e1<\/li>\n<\/ul>\n<p><b>M\u00e1 shocra\u00edonn t\u00fa athr\u00fa a dh\u00e9anamh ar an gcine\u00e1l r\u00e1sa at\u00e1 roghnaithe agat is f\u00e9idir r-phost a chur ag <em>info@inisirinmeain.com <\/em>roimh D\u00e9ardaoin an 10\u00fa M\u00e1rta 2016.<\/b><\/p>\n<p><b>T\u00e1 praghas speisialta <strong>\u20ac30 m\u00e1 chl\u00e1ra\u00edtear ar l\u00edne roimh me\u00e1n-o\u00edche an 29\u00fa Feabhra 2016. \u20ac50 ina dhiaidh sin. <\/strong><\/b><\/p>\n<p><b><strong>T\u00e1 T\u00e1ille speisialta ar f\u00e1il do theaghlaigh ach iarratas a dh\u00e9anamh ar an l\u00e1.\u00a0<\/strong><\/b><\/p>\n<p><b><strong>T\u00e1 T\u00e1ille speisialta ar f\u00e1il do mhic l\u00e9inn me\u00e1nscoile\u00a0ach iarratas a dh\u00e9anamh ar an l\u00e1.<\/strong><\/b><\/p>\n<p><strong>\u20ac20 do mhuintir an oile\u00e1in. S\u00e9ard a ghlacann muid mar oile\u00e1nach n\u00e1: aon duine as an oile\u00e1n n\u00f3 at\u00e1 ag maireacht\u00e1il ar an oile\u00e1n, aon duine a bhfuil a t(h)uismitheoir\u00ed as an oile\u00e1n n\u00f3 aon duine p\u00f3sta le duine as Inis Me\u00e1in. N\u00ed bheidh aon duine eile i dteideal an lascaine seo.<\/strong><\/p>\n<p><strong>M\u00e1 fh\u00e1gtar cl\u00e1r\u00fa don r\u00e1s go dt\u00ed an l\u00e1, n\u00ed f\u00e9idir a bheith cinnte go mbeidh m\u00e1la bronntanais ar f\u00e1il, mar tugtar t\u00fas \u00e1ite do na daoine a chl\u00e1ra\u00edonn ar l\u00edne. Mar sin, cl\u00e1raigh ar l\u00edne roimh r\u00e9 agus n\u00ed bheidh d\u00edoma ort! Muna bhfuil t\u00fa ab\u00e1lta cl\u00e1r\u00fa ar l\u00edne, cuir glaoch ar an scoil ar 099 73991 agus is f\u00e9idir linn an cl\u00e1r\u00fa ar l\u00edne a dh\u00e9anamh duit.<\/strong><\/td>\n<\/tr>\n<\/tbody>\n<\/table>\n<h3><span lang=\"EN-GB\">FAIGHEANN CHUILE IONT<\/span><span lang=\"EN-GB\">R\u00c1LA\u00cd M\u00c1LA BRONNTANAIS LE:\u00a0<\/span><\/h3>\n<ul>\n<li><span style=\"color: #333333;font-size: 14px\">Uimhir R\u00e1sa<\/span><\/li>\n<li>Balcais\u00ed\u00a0Chniot\u00e1ilte\u00a0\u00f3 Chniot\u00e1il Inis Me\u00e1in Teo. (<a href=\"http:\/\/www.inismeain.ie\/\">www.inismeain.ie<\/a>)<\/li>\n<li>T-l\u00e9ine Inis Iron Me\u00e1in<\/li>\n<li>Deoch fuinnimh, Barra Fuinnimh agus tortha\u00ed<\/li>\n<li>Mapa an Ch\u00farsa Oile\u00e1in<\/li>\n<\/ul>\n<p><img decoding=\"async\" loading=\"lazy\" class=\"aligncenter\" src=\"http:\/\/inisironmeain.com\/wp-content\/uploads\/2014\/05\/knit-wear.jpg\" alt=\"\" width=\"272\" height=\"138\" \/><\/p>\n<p><img decoding=\"async\" loading=\"lazy\" class=\"aligncenter\" src=\"http:\/\/inisironmeain.com\/wp-content\/uploads\/2014\/05\/race-info-1024x568.jpg\" alt=\"\" width=\"1024\" height=\"568\" \/><\/p>\n","protected":false},"excerpt":{"rendered":"<p>2015 INIS IRON ME\u00c1IN 1OK D\u00c1TA: SATHARN 02\/05\/2026 T\u00daS: 12:45 I.N. Ar an bpointe! \u00c1IT: HALLA NAOMH EOIN, INIS ME\u00c1IN, Oile\u00e1in \u00c1rann D\u00c1TA\u00a0DEIRIDH CL\u00c1RAITHE: D\u00e9ardaoin 01\/05\/2026 @ M\u00c9ANO\u00cdCHE CL\u00c1R\u00da: HALLA NAOMH EOIN 10.30 \u2013 12.00 I.N. EOLAS ar an R\u00c1S: Beidh brat na drt\u00ed dhath a bhronnadh chomh maith le c\u00f3ip de fhor\u00f3gra na C\u00e1sca [&hellip;]<\/p>\n","protected":false},"author":1,"featured_media":2509,"parent":0,"menu_order":0,"comment_status":"closed","ping_status":"closed","template":"","meta":[],"_links":{"self":[{"href":"http:\/\/inisironmeain.com\/gaeilge\/wp-json\/wp\/v2\/pages\/7"}],"collection":[{"href":"http:\/\/inisironmeain.com\/gaeilge\/wp-json\/wp\/v2\/pages"}],"about":[{"href":"http:\/\/inisironmeain.com\/gaeilge\/wp-json\/wp\/v2\/types\/page"}],"author":[{"embeddable":true,"href":"http:\/\/inisironmeain.com\/gaeilge\/wp-json\/wp\/v2\/users\/1"}],"replies":[{"embeddable":true,"href":"http:\/\/inisironmeain.com\/gaeilge\/wp-json\/wp\/v2\/comments?post=7"}],"version-history":[{"count":6,"href":"http:\/\/inisironmeain.com\/gaeilge\/wp-json\/wp\/v2\/pages\/7\/revisions"}],"predecessor-version":[{"id":3090,"href":"http:\/\/inisironmeain.com\/gaeilge\/wp-json\/wp\/v2\/pages\/7\/revisions\/3090"}],"wp:featuredmedia":[{"embeddable":true,"href":"http:\/\/inisironmeain.com\/gaeilge\/wp-json\/wp\/v2\/media\/2509"}],"wp:attachment":[{"href":"http:\/\/inisironmeain.com\/gaeilge\/wp-json\/wp\/v2\/media?parent=7"}],"curies":[{"name":"wp","href":"https:\/\/api.w.org\/{rel}","templated":true}]}}

Eolas ar an Rás

<p>2015 INIS IRON MEÁIN 1OK</p>
<table border="0" cellpadding="3">
<tbody>
<tr>
<td>
<h4><span style="font-size: 14px">DÁTA:</span></h4>
</td>
<td>
<h4><span style="font-size: 14px">SATHARN 02/05/2026</span></h4>
</td>
</tr>
<tr>
<td>
<h4><span style="font-size: 14px">TÚS:</span></h4>
</td>
<td>
<h4><span style="font-size: 14px">12:45 I.N. Ar an bpointe!</span></h4>
</td>
</tr>
<tr>
<td>
<h4><span style="font-size: 14px">ÁIT:</span></h4>
</td>
<td>
<h4><span style="font-size: 14px">HALLA NAOMH EOIN, INIS MEÁIN, Oileáin Árann</span></h4>
</td>
</tr>
<tr>
<td>
<h4><span style="font-size: 14px">DÁTA DEIRIDH CLÁRAITHE:</span></h4>
</td>
<td>
<h4><span style="font-size: 14px">Déardaoin 01/05/2026 @ MÉANOÍCHE</span></h4>
</td>
</tr>
<tr>
<td>
<h4><span style="font-size: 14px">CLÁRÚ:</span></h4>
</td>
<td>
<h4><span style="font-size: 14px">HALLA NAOMH EOIN 10.30 – 12.00 I.N.</span></h4>
</td>
</tr>
<tr>
<td>
<h4><span style="font-size: 14px">EOLAS ar an RÁS:</span></h4>
<p><strong>Beidh brat na drtí dhath a bhronnadh chomh maith le cóip de fhorógra na Cásca roimh thús an rása.</strong></td>
<td>
<h4><span style="font-size: 14px">12.45 I.N</span></h4>
</td>
</tr>
<tr>
<td>
<h4><span style="font-size: 14px">TÁILLE<strong> CHLÁRÚCHÁIN:                  </strong></span></h4>
</td>
<td>
<h4>Tá 3 chineál rása i gceist:</h4>
<ul>
<li>5km ar an mbóthar</li>
<li>Cúrsa Crua 10 km ar an mbóthar</li>
<li>Cúrsa Fíor Chrua 12km ar an mbóthar agus an trá</li>
</ul>
<p><b>Má shocraíonn tú athrú a dhéanamh ar an gcineál rása atá roghnaithe agat is féidir r-phost a chur ag <em>info@inisirinmeain.com </em>roimh Déardaoin an 10ú Márta 2016.</b></p>
<p><b>Tá praghas speisialta <strong>€30 má chláraítear ar líne roimh meán-oíche an 29ú Feabhra 2016. €50 ina dhiaidh sin. </strong></b></p>
<p><b><strong>Tá Táille speisialta ar fáil do theaghlaigh ach iarratas a dhéanamh ar an lá. </strong></b></p>
<p><b><strong>Tá Táille speisialta ar fáil do mhic léinn meánscoile ach iarratas a dhéanamh ar an lá.</strong></b></p>
<p><strong>€20 do mhuintir an oileáin. Séard a ghlacann muid mar oileánach ná: aon duine as an oileán nó atá ag maireachtáil ar an oileán, aon duine a bhfuil a t(h)uismitheoirí as an oileán nó aon duine pósta le duine as Inis Meáin. Ní bheidh aon duine eile i dteideal an lascaine seo.</strong></p>
<p><strong>Má fhágtar clárú don rás go dtí an lá, ní féidir a bheith cinnte go mbeidh mála bronntanais ar fáil, mar tugtar tús áite do na daoine a chláraíonn ar líne. Mar sin, cláraigh ar líne roimh ré agus ní bheidh díoma ort! Muna bhfuil tú abálta clárú ar líne, cuir glaoch ar an scoil ar 099 73991 agus is féidir linn an clárú ar líne a dhéanamh duit.</strong></td>
</tr>
</tbody>
</table>
<h3><span lang="EN-GB">FAIGHEANN CHUILE IONT</span><span lang="EN-GB">RÁLAÍ MÁLA BRONNTANAIS LE: </span></h3>
<ul>
<li><span style="color: #333333;font-size: 14px">Uimhir Rása</span></li>
<li>Balcaisí Chniotáilte ó Chniotáil Inis Meáin Teo. (<a href="http://www.inismeain.ie/">www.inismeain.ie</a>)</li>
<li>T-léine Inis Iron Meáin</li>
<li>Deoch fuinnimh, Barra Fuinnimh agus torthaí</li>
<li>Mapa an Chúrsa Oileáin</li>
</ul>
<p><img decoding="async" loading="lazy" class="aligncenter" src="http://inisironmeain.com/wp-content/uploads/2014/05/knit-wear.jpg" alt="" width="272" height="138" /></p>
<p><img decoding="async" loading="lazy" class="aligncenter" src="http://inisironmeain.com/wp-content/uploads/2014/05/race-info-1024x568.jpg" alt="" width="1024" height="568" /></p>

<p>2015 INIS IRON MEÁIN 1OK DÁTA: SATHARN 02/05/2026 TÚS: 12:45 I.N. Ar an bpointe! ÁIT: HALLA NAOMH EOIN, INIS MEÁIN, Oileáin Árann DÁTA DEIRIDH CLÁRAITHE: Déardaoin 01/05/2026 @ MÉANOÍCHE CLÁRÚ: HALLA NAOMH EOIN 10.30 – 12.00 I.N. EOLAS ar an RÁS: Beidh brat na drtí dhath a bhronnadh chomh maith le cóip de fhorógra na Cásca [&hellip;]</p>
